te?
True
Suppose -92*d = -85*d + 126*d - 35036057. Is d a composite number?
False
Let v = 269 - 251. Suppose -42474 = 12*l - v*l. Is l a prime number?
True
Let h = -10356 - -16655. Is h a prime number?
True
Is (1886244/(-70) - (-28)/196)*5*-1 composite?
False
Let r = -22730 - -32766. Is 4*(3 + r/16) prime?
True
Let a be 6/87 + 56/29. Suppose -5*u - 2*y = -2*u - 9275, 0 = -a*y + 8. Is u a prime number?
True
Suppose -7*t + 2 + 5 = 0. Let x be (1 - (t - 1))*2. Suppose -5*w + 4598 = -l, 3 = -x*l + l. Is w prime?
True
Let w = -175 - -170. Is (w - 0) + 3015 + 1 prime?
True
Let n be (-12)/108 + (-56)/(-18). Suppose 5*b = -3*d - 957 - 1753, -n*b - 1655 = -4*d. Let q = -286 - b. Is q prime?
False
Suppose 0*l + 5*l + 2885 = 0. Let v(b) = 48*b**2 - b - 7. Let d be v(5). Let p = d + l. Is p a composite number?
True
Let t be (16/10)/((-13)/((-195)/6)). Suppose t*i = 6*i. Suppose i = -11*n + 10*n + 787. Is n a prime number?
True
Let u be -3 - (-48)/36*9/2. Is 404/u - (1 + 3/(-9)) composite?
True
Suppose -91*q = -64*q + 165*q - 32225856. Is q a composite number?
True
Suppose 11*f = -2*f - 18070. Let h = f - -2477. Is h a composite number?
False
Is (3547824/40 - -3) + (-10)/(-25) a composite number?
True
Suppose 5*w - 1295371 = 3*v, w = -42*v + 45*v + 259079. Is w composite?
True
Let m be (-3)/12 + 2457/4. Suppose m = -22*l + 24*l. Is l a prime number?
True
Let i(w) = -w**3 + 4*w**2 + 5*w. Suppose -2*g - l - 3*l = -10, 0 = 5*g - l - 25. Let x be i(g). Suppose x = 3*u - u - 2722. Is u a composite number?
False
Suppose 2*a + 2*a + s - 314 = 0, 0 = 2*a - 4*s - 166. Let b = a + -79. Suppose -d = -u + 101, -4*u + 434 = -b*d + 2*d. Is u a composite number?
True
Suppose -20*j = -28*j + 48. Is ((j + -3)/(-6))/(1/(-3694)) a prime number?
True
Suppose 8 = 9*v - 10. Suppose -w - c = -2110, 0 = -w + v*w + 3*c - 2108. Is w composite?
False
Let m = -1515 + 2947. Suppose 1163 = 4*x + 5*j, 15*x + m = 20*x - j. Is x a prime number?
False
Let i(l) = l**2 + 39*l + 130. Let j be i(-35). Is (80/(-24))/j*(1040 - -1) composite?
False
Let a = -198 + 388. Suppose -a - 75 = 5*w. Let v = w - -268. Is v a composite number?
True
Suppose 0 = -130*m + 189*m - 1013443. Is m composite?
True
Let v(y) = 218*y**3 + 4*y**2 + 41*y + 4. Is v(6) composite?
True
Let l(j) = j**3 - 27*j**2 + 83*j - 15. Let u be l(14). Let s = 5624 + u. Is s a prime number?
False
Let v = 992424 + -483381. Is v prime?
False
Suppose 314994 = 8*s - 420278. Is s a prime number?
True
Suppose p = 3*p + 278. Suppose q = 2*i + 2, 6*i - 5*i = -2. Is ((-2)/q*p)/(-1) a prime number?
True
Suppose 1320 = -k - 3*f - 1408, -2*f = -k - 2713. Let p = 3876 - k. Is p composite?
True
Let z(v) = v**2 - 7*v - 13. Let k = 68 - 58. Suppose k*r = -81 - 29. Is z(r) a composite number?
True
Suppose 0 = 3*i + 5*n + 37, -i + 5*n + 17 = i. Let t(u) = -20067*u**2 + 10*u + 40438*u**2 + 7 - 20214*u**2. Is t(i) a prime number?
False
Let l(c) = -23 - c**3 - 4*c**2 - 2*c + 27*c**2 + 5*c**2 + 16*c. Let n be l(19). Suppose -n + 844 = -8*j. Is j a composite number?
False
Suppose -7*l + 381518 = -1574261. Is l a composite number?
False
Let d be 2 + (-36)/16 + (-123)/(-12). Is (-15)/d*(466112/12)/(-8) a prime number?
True
Let z(i) = -i**2 - 6*i - 4. Let l be z(-4). Suppose 0 = -l*m + 6*m - 26. Suppose m*u - 12672 = 5515. Is u a prime number?
True
Let m(w) = 8*w + 53. Let k be m(0). Suppose -77 = -5*x + 4*x. Is (0 + k)*x/11 prime?
False
Suppose 11*r - 2*r = 297. Suppose -2*k + 493 = -r. Is k a prime number?
True
Suppose 5*l - 697714 = -d + 2762460, l - 692032 = -3*d. Is l composite?
True
Let d(o) = 155*o**2 + 22*o**3 - 2 - 159*o**2 + 3*o - 3. Suppose 9 = 3*n, 2*h = -3*n - n + 18. Is d(h) prime?
False
Let x(t) = -t**3 + 34*t**2 + 75*t - 105. Let r be x(36). Suppose 4*o - 2*p = 1230, r*o - 698 = 2*p + 225. Is o a composite number?
False
Let g = 52697 + 11298. Is g prime?
False
Suppose -790 = -5*b + j + 10363, 3*b + 4*j - 6678 = 0. Suppose 405*q - 400*q = b. Is q a prime number?
False
Suppose 0 = -66*g + 52*g + 186074. Is g a composite number?
False
Let p(f) = -f**3 + 9*f**2 + 11*f - 5. Let k be p(10). Suppose -k*m + 9698 = -34917. Is m composite?
False
Suppose -3*v + 8 = 17, 0 = p - 2*v - 14267. Is p a composite number?
True
Suppose 3*v = 5*u - 87, u - 21 = -0*v - 3*v. Let s(p) = -2*p**2 + 37*p - 13. Let c be s(u). Suppose -3*k - c*a + 1718 = 0, -3*k + 3*a = -1712 + 2. Is k prime?
True
Let z(y) be the second derivative of -92*y**3/3 + 7*y**2/2 - 395*y. Suppose -4*g - 5 = 5*t + g, t + 5*g = 7. Is z(t) prime?
False
Let o = 19312 - -1599. Is o prime?
False
Suppose 0 = -3*k - 4*j - 16, 0 = 4*k + k - 2*j + 44. Is (3/6)/(k/(-137168)) prime?
True
Suppose 0*n + 2*n = -2*r + 446, n + 443 = 2*r. Suppose -113 = -5*p + r. Is p a composite number?
False
Suppose 0 = -5*u - 17 - 3. Let b be ((-332)/(-3))/(u/(-6)) - 3. Let y = -112 + b. Is y a prime number?
False
Let a(t) = -t**2 - 4*t - 1201. Let q be 4 - (12/(-3) - 0)/(-1). Let d be a(q). Is (16/40 - d/(-15))*-3 prime?
True
Let w be (-25)/30 + (-371226)/(-36). Suppose -972 = -3*s + w. Is s a composite number?
False
Let h = 136488 + -95831. Is h composite?
True
Let l(c) = c**2 + 3*c - 14. Let z be l(7). Let j = -21 + z. Let p = j + -28. Is p prime?
True
Is (36123/(-36)*2)/((-15)/1170) a prime number?
False
Is ((-2)/(4 - 416/106))/((-5)/12130) a composite number?
True
Let w = -198746 - -462477. Is w a composite number?
True
Suppose 26 = -3*o + 4*m, 2*o - 5*m + 17 = 6*o. Let t(y) = y**2 + 4*y + 7. Let z be t(o). Suppose z*k - 3*q = 1140, 2*q - 4*q - 1518 = -4*k. Is k a prime number?
True
Is 103394 + (5 - -2)*(-2 + 1) a composite number?
False
Suppose -13348793 = -58*g + 5269575 + 5170274. Is g a composite number?
False
Suppose -5506 + 28450 = -6*r. Let q = -897 - r. Is q a composite number?
False
Let x = -3076 + 3070. Suppose b - 12 = 4*b. Is (-59)/(((-2)/3)/(b/x)) a composite number?
False
Suppose -3*j + 253 = u, -6*u - 241 = -3*j - 4*u. Let z = -91 + j. Is 5158/6*((-432)/z)/9 composite?
True
Suppose 107830 = 2*m + 3*m. Let k = m + -13280. Suppose k = 3*g + s - 2*s, s = -g + 2758. Is g a prime number?
False
Let u be 991 - (7 + -5 - 4). Let z = 1504 + u. Is z prime?
False
Suppose -x - 16 + 13 = 0. Let t = 13 + x. Suppose -3*c + 1315 = -t*o + 5*o, -4*c = -o - 1776. Is c composite?
True
Suppose -15*q + 6902 = -4798. Suppose -72*g + 77*g - q = 0. Let v = 407 - g. Is v a composite number?
False
Suppose -119*u + 70056697 = 38*u. Is u a prime number?
True
Suppose 0 = -313*q + 315*q - 1592. Let v = 1175 - q. Is v a composite number?
False
Let l(g) = 81*g**3 - 2*g**2 - 42*g + 107. Is l(4) a prime number?
False
Let d = -906 + 905. Let v(l) = 167*l**2 - 4*l + 2 + 3*l - 3 + 1148*l**2. Is v(d) prime?
False
Let f(g) = 7431*g**2 + 3*g - 4. Let a be f(1). Let p = a - 4673. Is p composite?
True
Let y = 39426 + -9709. Is y prime?
True
Suppose -2*t - 2*h + 6 = 0, -4*t + 3*h + 3 = -9. Suppose -3*k = t*l - 1485, 2586 = 4*l - 2*k + 582. Is l composite?
False
Suppose b + 21*c - 17*c = 52253, -3*b = c - 156781. Is b a composite number?
True
Let n(s) be the first derivative of -198*s**2 - 107*s - 28. Is n(-12) prime?
False
Suppose 0 = -4*o - 5*u - 28947, 3*u - 4084 = 2*o + 10417. Let d = -3074 - o. Is d composite?
True
Let g(s) = 5*s - 16. Let v be g(5). Suppose 4*n - 3524 = 10*u - v*u, -2*n + 4*u = -1748. Let c = n + 827. Is c a composite number?
False
Suppose 5*k = 0, 3*k + 1336089 = 3*f + 5*k. Is f a composite number?
False
Suppose -23055 - 28197 = -4*m. Suppose 236*z = 233*z + m. Is z prime?
True
Let p = -218 - -228. Suppose 11*y + 4*s - 43501 = 8*y, p = -5*s. Is y a composite number?
False
Let i = -53 + 58. Suppose s - 3*l - 739 = 0, -2*s - 2*l - 2203 = -i*s. Is s a prime number?
True
Let n(p) = 594*p**3 + p**2 - 4*p + 3. Let b(t) = t**3 - 9*t**2 + 20*t - 4. Let h be b(3). Is n(h) prime?
True
Suppose 15283 = 24*p + 5*p. Let z = p + -318. Is z prime?
False
Let l = 75223 - -70978. Is l composite?
True
Suppose 0 = 2*k - 5*g + 20, 7*k + 4*g = 9*k + 20. Is 25/5 - 188*(-1 + k) a prime number?
False
Suppose -36*h = -c - 37*h + 237842, 3*c - 713589 = 4*h. Is c a composite number?
False
Let q be -90 - -83 - (-1383)/1. Let s = q - 721. Is s a composite number?
True
Suppose 0 = 57*t - 23*t - 55998. Suppose 6400 - t = 7*i. Is i a prime number?
False
Supp